t is the hundreds digit of 52938?
9
What is the hundreds digit of 26402?
4
What is the thousands digit of 8630?
8
What is the units digit of 44?
4
What is the thousands digit of 2293?
2
What is the hundreds digit of 7890?
8
What is the hundreds digit of 1179?
1
What is the tens digit of 34018?
1
What is the tens digit of 9195?
9
What is the ten thousands digit of 25935?
2
What is the hundreds digit of 938?
9
What is the thousands digit of 2188?
2
What is the ten thousands digit of 27348?
2
What is the thousands digit of 2581?
2
What is the hundreds digit of 27438?
4
What is the thousands digit of 14892?
4
What is the hundreds digit of 33027?
0
What is the ten thousands digit of 18123?
1
What is the hundreds digit of 7139?
1
What is the hundreds digit of 814?
8
What is the units digit of 816?
6
What is the hundreds digit of 1628?
6
What is the ten thousands digit of 40148?
4
What is the ten thousands digit of 27784?
2
What is the tens digit of 18713?
1
What is the hundreds digit of 1330?
3
What is the tens digit of 1818?
1
What is the thousands digit of 9385?
9
What is the hundreds digit of 555?
5
What is the tens digit of 441?
4
What is the tens digit of 895?
9
What is the thousands digit of 2205?
2
What is the thousands digit of 59768?
9
What is the hundreds digit of 16132?
1
What is the ten thousands digit of 11245?
1
What is the thousands digit of 6361?
6
What is the hundreds digit of 275?
2
What is the thousands digit of 87086?
7
What is the units digit of 58144?
4
What is the thousands digit of 7287?
7
What is the units digit of 65883?
3
What is the units digit of 665?
5
What is the tens digit of 496?
9
What is the thousands digit of 43475?
3
What is the tens digit of 44995?
9
What is the thousands digit of 5987?
5
What is the units digit of 3546?
6
What is the units digit of 3707?
7
What is the tens digit of 720?
2
What is the tens digit of 480?
8
What is the thousands digit of 28293?
8
What is the units digit of 1927?
7
What is the tens digit of 4994?
9
What is the units digit of 5616?
6
What is the units digit of 19126?
6
What is the tens digit of 47120?
2
What is the thousands digit of 16986?
6
What is the ten thousands digit of 16160?
1
What is the hundreds digit of 81622?
6
What is the tens digit of 10231?
3
What is the ten thousands digit of 57839?
5
What is the thousands digit of 2226?
2
What is the hundreds digit of 10048?
0
What is the units digit of 2822?
2
What is the hundreds digit of 392?
3
What is the units digit of 1107?
7
What is the tens digit of 786?
8
What is the thousands digit of 1850?
1
What is the units digit of 2936?
6
What is the hundreds digit of 15770?
7
What is the tens digit of 8690?
9
What is the tens digit of 11?
1
What is the ten thousands digit of 11067?
1
What is the units digit of 88993?
3
What is the hundreds digit of 8557?
5
What is the tens digit of 14030?
3
What is the tens digit of 73429?
2
What is the hundreds digit of 4066?
0
What is the thousands digit of 10847?
0
What is the thousands digit of 1187?
1
What is the units digit of 23049?
9
What is the thousands digit of 10475?
0
What is the thousands digit of 13824?
3
What is the units digit of 4211?
1
What is the hundreds digit of 23453?
4
What is the tens digit of 47336?
3
What is the tens digit of 13508?
0
What is the tens digit of 4557?
5
What is the units digit of 403?
3
What is the tens digit of 3028?
2
What is the tens digit of 6892?
9
What is the hundreds digit of 788?
7
What is the hundreds digit of 890?
8
What is the ten thousands digit of 34420?
3
What is the thousands digit of 37067?
7
What is the hundreds digit of 16541?
5
What is the hundreds digit of 6464?
4
What is the hundreds digit of 3105?
1
What is the tens digit of 890?
9
What is the thousands digit of 6771?
6
What is the units digit of 363?
3
What is the hundreds digit of 4020?
0
What is the units digit of 42702?
2
What is the thousands digit of 5358?
5
What is the hundreds digit of 63472?
4
What is the units digit of 443?
3
What is the tens digit of 1736?
3
What is the hundreds digit of 322?
3
What is the thousands digit of 4002?
4
What is the hundreds digit of 145?
1
What is the thousands digit of 7439?
7
What is the thousands digit of 70452?
0
What is the hundreds digit of 523?
5
What is the units digit of 1687?
7
What is the thousands digit of 40031?
0
What is the units digit of 35506?
6
What is the hundreds digit of 132?
1
What is the hundreds digit of 1148?
1
What is the units digit of 3894?
4
What is the units digit of 545?
5
What is the thousands digit of 43683?
3
What is the tens digit of 8692?
9
What is the hundreds digit of 515?
5
What is the tens digit of 20180?
8
What is the tens digit of 6914?
1
What is the hundreds digit of 6317?
3
What is the hundreds digit of 3640?
6
What is the tens digit of 2440?
4
What is the hundreds digit of 19637?
6
What is the tens digit of 126?
2
What is the units digit of 6655?
5
What is the hundreds digit of 14771?
7
What is the hundreds digit of 301?
3
What is the thousands digit of 94549?
4
What is the hundreds digit of 1623?
6
What is the hundreds digit of 60056?
0
What is the thousands digit of 42714?
2
What is the thousands digit of 11860?
1
What is the ten thousands digit of 48565?
4
What is the tens digit of 3690?
9
What is the units digit of 741?
1
What is the units digit of 53067?
7
What is the tens digit of 544?
4
What is the thousands digit of 11810?
1
What is the units digit of 8924?
4
What is the units digit of 1384?
4
What is the tens digit of 26424?
2
What is the thousands digit of 21490?
1
What is the thousands digit of 8279?
8
What is the hundreds digit of 55497?
4
What is the thousands digit of 4547?
4
What is the units digit of 30584?
4
What is the hundreds digit of 1843?
8
What is the units digit of 82874?
4
What is the tens digit of 3719?
1
What is the thousands digit of 12824?
2
What is the tens digit of 30837?
3
What is the thousands digit of 4444?
4
What is the tens digit of 56?
5
What is the tens digit of 53517?
1
What is the tens digit of 10906?
0
What is the tens digit of 87635?
3
What is the hundreds digit of 13474?
4
What is the ten thousands digit of 15892?
1
What is the tens digit of 5344?
4
What is the ten thousands digit of 102957?
0
What is the tens digit of 8374?
7
What is the units digit of 5656?
6
What is the ten thousands digit of 19552?
1
What is the units digit of 491?
1
What is the hundreds digit of 1714?
7
What is the hundreds digit of 3598?
5
What is the hundreds digit of 30446?
4
What is the tens digit of 44462?
6
What is the tens digit of 3290?
9
What is the units digit of 1893?
3
What is the units digit of 3526?
6
What is the hundreds digit of 52342?
3
What is the tens digit of 826?
2
What is the thousands digit of 2467?
2
What is the units digit of 775?
5
What is the tens digit of 687?
8
What is the tens digit of 7769?
6
What is the units digit of 56522?
2
What is the thousands digit of 71563?
1
What is the units digit of 332?
2
What is the tens digit of 621?
2
What is the tens digit of 1353?
5
What is the hundreds digit of 6617?
6
What is the units digit of 1236?
6
What is the tens digit of 727?
2
What is the thousands digit of 1336?
1
What is the thousands digit of 19558?
9
What is the thousands digit of 3261?
3
What is the units digit of 84?
4
What is the units digit of 2188?
8
What is the units digit of 1540?
0
What is the hundreds digit of 8026?
0
What is the tens digit of 1340?
4
What is the units digit of 5597?
7
What is the units digit of 4506?
6
What is the units digit of 2991?
1
What is the units digit of 27598?
8
What is the ten thousands digit of 20428?
2
What is the hundreds digit of 6249?
2
What is the tens digit of 3895?
9
What is the hundreds digit of 11612?
6
What is the hundreds digit of 5812?
8
What is the units digit of 96?
6
What is the thousands digit of 1070?
1
What is the units digit of 26?
6
What is the ten thousands digit of 14006?
1
What is the hundred thousands digit of 118569?
1
What is the units digit of 24125?
5
What is the hundreds digit of 756?
7
What is the tens digit of 47881?
8
What is the units digit of 6958?
8
What is the units digit of 908?
8
What is the thousands digit of 5822?
5
What is the ten thousands digit of 24489?
2
What is the tens di